9). Suppose i*a = -a + j. What are the prime factors of a?
37
Let i(t) be the first derivative of 10*t + 1/2*t**2 - 5. What are the prime factors of i(-7)?
3
Suppose 5*l + 176 = z, -z = -0*z - l - 168. Let a be (-3 + 2)/((-17)/(-357)). What are the prime factors of z/6 + 14/a?
3
Let a = 254 - 71. What are the prime factors of a?
3, 61
Suppose 0 = -7*x - 148 - 6. What are the prime factors of 1096/6 + x/33?
2, 7, 13
Let r = 39 - 66. Let u = -21 - r. What are the prime factors of u?
2, 3
What are the prime factors of (-6)/(5*20/(-19750))?
3, 5, 79
Let b(w) = -w**3 + 7*w**2 + 6. Let u be b(7). Let v(m) = -m**3 + 9*m**2 - 4*m + 4. List the prime factors of v(u).
2, 11
Let l = 928 - 594. List the prime factors of l.
2, 167
Let i = 2589 - 1669. List the prime factors of i.
2, 5, 23
Suppose 2*z = 5*d - 120, 131 = 4*d + 5*z + 35. Let y be 3/1*184/d. List the prime factors of y + (-6)/(12/4).
3, 7
Suppose 4*m = 5*j - 0 - 75, -3*j + 4*m + 45 = 0. Let k = j + -12. Suppose -k*u + 8 = -2*h, h = -3*h - 5*u + 28. What are the prime factors of h?
2
Let a be (-1)/(-4) + 73/(-4). Let h(f) = 20*f**2 - 162*f + 1. Let m be h(8). Let d = m - a. List the prime factors of d.
3
Let s be 0 + (-4)/(-4) + 18. Suppose s + 41 = y. Let f = 94 - y. List the prime factors of f.
2, 17
Let b(x) = x**3 - 13*x**2 + 13*x - 10. Let r be b(12). Suppose 5*y - 11 = -r*o, -2*y + 8 - 3 = o. List the prime factors of o.
3
Let l = -20 - -22. Suppose -3*d + 231 = 3*n, l*n - 2*d - 2*d = 136. What are the prime factors of n?
2, 37
Suppose -3*n - 88 + 443 = 2*f, 597 = 5*n + 2*f. Let l = n - 22. What are the prime factors of l?
3, 11
Suppose 5*j + g - 1170 = 0, 461 = 2*j + g - 2*g. List the prime factors of j.
233
What are the prime factors of (-48426)/(-36) - (-4 - 19/(-6))?
2, 673
Suppose -5*o - 3*l = -0*l + 20, -2*l - 8 = 2*o. Let y be 3*o*3/(-36). What are the prime factors of 154/21 - y/3?
7
Let z be 170/35 - 1/(-7). Suppose 4*q + z*y - 196 = 59, -2*q + 108 = -4*y. What are the prime factors of q?
2, 3, 5
What are the prime factors of 3 + -2 + -8 - -30?
23
Let k = -2 + 11. Suppose k*m + 40 = 4*m - 5*r, -2*m = -4*r - 2. Let h = m + 46. List the prime factors of h.
41
Let c(y) = 15 + 2*y - 22 - y. Let u be c(9). List the prime factors of 4*u/(8/15).
3, 5
Suppose -5*k + r = -23, -6*k + k + 4*r + 17 = 0. Suppose -y + 49 = k*w, -3*w - 2*w - 2*y + 48 = 0. List the prime factors of w/(-65) - 444/(-13).
2, 17
Suppose -9*u + 10*u - f = 1322, -5*u = 5*f - 6610. List the prime factors of u.
2, 661
Suppose -2*m - 34 + 126 = 4*g, g = 2*m + 28. Let q = 61 + g. List the prime factors of q.
5, 17
Let b(z) be the second derivative of z**5/60 + 3*z**4/8 - 5*z**3/6 + 14*z. Let t(l) be the second derivative of b(l). List the prime factors of t(6).
3, 7
Let t = 1176 - 237. What are the prime factors of t?
3, 313
Let g(z) be the third derivative of z**5/30 - z**4/2 - z**3/3 + 13*z**2. Suppose o + 3 - 5 = 0, y + o - 11 = 0. What are the prime factors of g(y)?
2, 13
Suppose 0 = -4*s + r + r + 14, -3*s - 5*r - 9 = 0. Suppose -624 = -10*d + s*d. What are the prime factors of d?
2, 3, 13
Let j(y) = 5*y**2 - 17*y - 2. Let b = 21 + -14. What are the prime factors of j(b)?
2, 31
Let b = 2390 - 1088. What are the prime factors of b?
2, 3, 7, 31
Let b(y) = -16*y - 5. Let f = -2 - -8. Suppose -f*m = -5*m + 2. List the prime factors of b(m).
3
Let t = -55 + 12. Let x = 52 - t. Let k = 142 - x. What are the prime factors of k?
47
Suppose -6*r = -0*r - 24. Suppose 150 = -s + r*s. What are the prime factors of s?
2, 5
Let c(v) = 2*v**3 + 3*v**2 - 16*v + 59. What are the prime factors of c(7)?
2, 3, 5, 13
Let p(x) = 2*x - 522 + 522. Let t be p(0). Suppose 3*i - w - 9 = 37, 5*i + 2*w - 73 = t. What are the prime factors of i?
3, 5
List the prime factors of (-2712)/(-2) - (11 - 14 - 1).
2, 5, 17
Let s = 701 + -709. Let k(w) be the first derivative of w**3/3 + 3*w**2 + w + 1. List the prime factors of k(s).
17
List the prime factors of ((-4)/(-3))/(16/4872) + 4.
2, 5, 41
Let q(r) = -r**2 - 19*r + 117. List the prime factors of q(-23).
5
List the prime factors of (340/(-25))/((-7)/(1925/10)).
2, 11, 17
List the prime factors of (-1 + 1161 - 4)*(-5)/(-10).
2, 17
List the prime factors of 1*13044/9*36/16.
3, 1087
Let o(q) = 5*q - 2. Let l be o(1). Suppose 5*h - l*t - 280 = -0*h, 5*h - 260 = -t. List the prime factors of h.
53
Let o = -36 - -190. What are the prime factors of o?
2, 7, 11
Suppose -497 - 847 = -7*l. List the prime factors of l.
2, 3
Let g = 199 + 78. List the prime factors of g.
277
Let y = -1060 - -1523. What are the prime factors of y?
463
Suppose 3*p - 3 = -0, 4*o + 2*p + 6 = 0. List the prime factors of ((-711)/(-6) - 2)*(o + 4).
233
Let n(j) = -j**3 + j**2 + j + 5. Let h be 72/4*(-2)/6. What are the prime factors of n(h)?
251
Let y = 8 + -4. Suppose 2*c + y*r + 36 - 124 = 0, -5*c = r - 193. What are the prime factors of c?
2, 19
Suppose -1144 - 496 = -4*k. List the prime factors of k.
2, 5, 41
Let n(u) = 19*u + 1. Let v be n(-2). Let c = v + 60. Suppose -2*j = -3*f + 115 - c, 0 = -2*f + 4*j + 64. What are the prime factors of f?
2, 3, 5
Suppose 0 = -4*q - q - 3000. Let s be ((-12)/10)/(36/q). Suppose -s = -3*l + 13. What are the prime factors of l?
11
Suppose 3*j - 2 = 4. Suppose -9 = -j*a - t, 9*a - 5*t + 15 = 4*a. Suppose n = -2*x + 1, -n + a*x = x - 4. List the prime factors of n.
3
Suppose 0 = -62*j + 47*j + 19290. What are the prime factors of j?
2, 643
Let s be (3 + -1)/(30/75). Suppose -y + 5*n = -137, s*y + 5*n - 607 = 4*n. What are the prime factors of y?
2, 61
Let x(z) = -3*z - 1. Let c be ((-3)/((-12)/(-16)))/(-2). Suppose c*r + 3*h = -13, -r - r + h - 25 = 0. What are the prime factors of x(r)?
2
Let c(o) = -616 - 3*o + 10*o**2 + 605 - 3*o. What are the prime factors of c(-2)?
41
List the prime factors of ((-4848)/(-15))/((-9)/(-45)).
2, 101
Let k(w) = 2 + 2*w + 3*w - 6*w + 9*w**2. Let r be k(1). What are the prime factors of (r - -2) + 1 + 1?
2, 7
What are the prime factors of 661 + 1 - (7 - 36/4)?
2, 83
Suppose -s = -8*s + 14. Let n(r) = 76*r + 2. List the prime factors of n(s).
2, 7, 11
Suppose -2*p + 4 = 0, o - 2*p - 2824 = p. What are the prime factors of o?
2, 5, 283
Let n = -279 + 359. List the prime factors of n.
2, 5
Let d = 233 - -31. List the prime factors of d.
2, 3, 11
Suppose 2*d - 342 = -4*d. Let y = 70 - d. What are the prime factors of y?
13
List the prime factors of (104/(-65))/(((-9)/480)/3).
2
What are the prime factors of (-2)/(-9) + 6*69796/216?
7, 277
Suppose -763 = -3*l + 10*l. Let t = l + 249. List the prime factors of t.
2, 5, 7
Let q(l) = 5*l + 1. Let t be q(1). Suppose 4*x - 114 + 23 = 5*u, -t = 2*u. Suppose o - x = -4*i, 5*i - 2*o + 2 = 16. List the prime factors of i.
2
Let l(f) = -f**3 - 25*f**2 - 22*f - 22. Let h(c) = c**3 + 26*c**2 + 21*c + 23. Let j(k) = 2*h(k) + 3*l(k). What are the prime factors of j(-22)?
2, 3
Let z(w) = -38*w - 324. What are the prime factors of z(-24)?
2, 3, 7
Suppose -33*i + 6944 = -i. List the prime factors of i.
7, 31
Let c = -90 - -97. List the prime factors of 42/(-98) - (-710)/c.
101
Suppose 115*f - 100*f = 28695. What are the prime factors of f?
1913
Suppose 289 = -10*i - 21. Let q = 57 + i. What are the prime factors of q?
2, 13
Let i = -4616 - -8717. List the prime factors of i.
3, 1367
Let x = 3734 - 1670. List the prime factors of x.
2, 3, 43
Suppose -2*h = 5*f - 330, 2*f - 3*h - 34 - 79 = 0. Suppose -154 = -5*a + 4*j, -2*j + 3*j + f = 2*a. What are the prime factors of 1/(-8) - a/(-16)?
2
Suppose 191 = v + 5*b + 66, 0 = -3*v + 2*b + 375. List the prime factors of v.
5
Suppose 109*j = 104*j + 65. Suppose 0 = -7*t + j*t - 1440. List the prime factors of t.
2, 3, 5
What are the prime factors of (1550 + -1)/(5 - (8 + -4))?
1549
Let b = 76 - -39. Suppose -13*k + 17 + 22 = 0. Suppose k*l + b = 8*l. What are the prime factors of l?
23
Suppose 6*l - l = -b + 11, 2*l = 2. Let g(p) = p + 3. What are the prime factors of g(b)?
3
Let d(h) = 2*h**2 + 7*h + 7. Let k be d(-6). Suppose -j + 23 = -k. List the prime factors of j.
2, 3, 5
Suppose -2*b - 1 = 13. Let y(q) = -3*q**3 - 18*q**2 - 3*q + 4. What are the prime factors of y(b)?
2, 43
Suppose -2*n + 25 - 7 = 0. Let p(o) = -o**2 + 11*o + 8. Let q be p(n). Suppose 22 + q = 2*f. What are the pr